{"id":2233,"date":"2025-09-26T13:05:26","date_gmt":"2025-09-26T13:05:26","guid":{"rendered":"https:\/\/colkyfcba.com.ar\/cbarosa\/?page_id=2233"},"modified":"2025-11-04T14:43:16","modified_gmt":"2025-11-04T14:43:16","slug":"cordoba-rosa-2025","status":"publish","type":"page","link":"https:\/\/colkyfcba.com.ar\/cbarosa\/","title":{"rendered":"CORDOBA ROSA 2025"},"content":{"rendered":"<p>[vc_row fullwidth=&#8221;yes&#8221; archi_fullheight=&#8221;yes&#8221; archi_parallax=&#8221;yes&#8221; css=&#8221;.vc_custom_1696432819721{padding-top: 90px !important;padding-bottom: 90px !important;background-image: url(https:\/\/colkyfcba.com.ar\/cbarosa\/wp-content\/uploads\/2022\/09\/SLIDER_Mesa-de-trabajo-1-scaled.jpg?id=1548) !important;background-position: center !important;background-repeat: no-repeat !important;background-size: cover !important;}&#8221; el_class=&#8221;full-height&#8221;][vc_column][vc_empty_space][vc_empty_space]\t\n\t<!-- Element: OT Home Parallax Image Landing -->\n\t\t\t<div class=\"banner-logo text-center\">\n\t        <img loading=\"lazy\" decoding=\"async\" width=\"238\" height=\"197\" src=\"https:\/\/colkyfcba.com.ar\/cbarosa\/wp-content\/uploads\/2023\/10\/Recurso-17-1.png\" class=\"img-responsive\" alt=\"\" title=\"Recurso 17 (1)\" \/>\t    <\/div>\n\t   \n    <div class=\"vertical-align text-center\">\n    \t\t\t\t<div class=\"spacer-single\"><\/div>\n\t\t\n    \t \n\t    \n\t       \n\t    \t<div class=\"spacer-single\"><\/div>\n\t    \n                        \n    <\/div>\n    \n[\/vc_column][\/vc_row][vc_row css=&#8221;.vc_custom_1664464919501{padding-top: 90px !important;padding-bottom: 55px !important;background-color: #f7f7f7 !important;}&#8221; el_id=&#8221;DETECCCION&#8221;][vc_column width=&#8221;1\/2&#8243; animate=&#8221;fadinright&#8221;]\n\t<!-- Element: OT Heading --> \t \n\t<h2 class=\"ot_custom_heading  \" style=\"color: #ff3ac0;\" >Cuando el c\u00e1ncer de mama toca nuestra puerta<\/h2>\t\n[vc_column_text css=&#8221;.vc_custom_1696432029485{margin-bottom: 30px !important;}&#8221;]<span style=\"font-weight: 400; color: #808080;\">Sostener la calidad de vida del paciente al transitar la enfermedad, y prevenir secuelas de las patolog\u00edas asociadas al c\u00e1ncer y a su tratamiento es prioritario.<\/span><\/p>\n<p><span style=\"font-weight: 400; color: #808080;\">Es aqu\u00ed, donde la kinesiolog\u00eda juega un rol importante, empezando a intervenir desde el momento del diagn\u00f3stico y acompa\u00f1ando durante el proceso de la enfermedad.<\/span>[\/vc_column_text]\t\t\t\n\t<!-- Element: OT Button --> \n\t\t\t<a href=\"https:\/\/colkyfcba.com.ar\/cbarosa\/campana-de-deteccion-precoz-de-cancer-de-mama\/\" target=\"_self\" class=\"btn btn-line-black btn-big  \">ROL DE LA KINESIOLOG\u00cdA<\/a>\n\t    \n\t\t\t\n\t<!-- Element: OT Button --> \n\t\t\t<a href=\"https:\/\/colkyfcba.com.ar\/cbarosa\/guia-de-actividades-2025\/\" target=\"_self\" class=\"btn btn-line-black btn-big  \">GUIA DE ACTIVIDADES<\/a>\n\t    \n[\/vc_column][vc_column width=&#8221;1\/2&#8243;][vc_single_image image=&#8221;2074&#8243; img_size=&#8221;large&#8221;][\/vc_column][\/vc_row][vc_row css=&#8221;.vc_custom_1728073985968{padding-top: 90px !important;padding-right: 90px !important;padding-bottom: 90px !important;padding-left: 90px !important;background-color: #f7f7f7 !important;background-position: center !important;background-repeat: no-repeat !important;background-size: cover !important;}&#8221; el_id=&#8221;autoexamen&#8221;][vc_column width=&#8221;1\/4&#8243; animate=&#8221;fadinright&#8221;]\t\t\t\n\t<!-- Element: OT Button --> \n\t\t\t<a href=\"https:\/\/colkyfcba.com.ar\/cbarosa\/deteccion-precoz\/\" target=\"_blank\" class=\"btn btn-line-black btn-big  \">Mamograf\u00edas turnos<\/a>\n\t    \n[vc_single_image image=&#8221;2082&#8243; img_size=&#8221;large&#8221;][\/vc_column][vc_column width=&#8221;1\/4&#8243;]\t\t\t\n\t<!-- Element: OT Button --> \n\t\t\t<a href=\"https:\/\/colkyfcba.com.ar\/cbarosa\/signos-y-sintomas\/\" target=\"_self\" class=\"btn btn-line-black btn-big  \">SIGNOS Y SINTOMAS<\/a>\n\t    \n[vc_single_image image=&#8221;2098&#8243; img_size=&#8221;large&#8221;][\/vc_column][vc_column width=&#8221;1\/4&#8243;]\t\t\t\n\t<!-- Element: OT Button --> \n\t\t\t<a href=\"https:\/\/colkyfcba.com.ar\/cbarosa\/autoexamen\/\" target=\"_self\" class=\"btn btn-line-black btn-big  \">Segu\u00ed el paso a paso<\/a>\n\t    \n[vc_single_image image=&#8221;2076&#8243; img_size=&#8221;large&#8221;][\/vc_column][vc_column width=&#8221;1\/4&#8243;]\t\t\t\n\t<!-- Element: OT Button --> \n\t\t\t<a href=\"https:\/\/colkyfcba.com.ar\/cbarosa\/recomendaciones-post-mastectomia\" target=\"_self\" class=\"btn btn-line-black btn-big  \">Recomendaciones<\/a>\n\t    \n[vc_single_image image=&#8221;2091&#8243; img_size=&#8221;medium&#8221;][\/vc_column][\/vc_row][vc_row el_class=&#8221;call-to-action bg-color text-center text-dark padding40&#8243; el_id=&#8221;EVENTOS&#8221;][vc_column]\n\t<!-- Element: OT Heading --> \t \n\t<h2 class=\"ot_custom_heading  \" style=\"color: #ffffff;\" >Actividades propuestas 2025<\/h2>\t\n[\/vc_column][\/vc_row][vc_row el_class=&#8221;call-to-action bg-color text-center text-dark padding40&#8243;][vc_column width=&#8221;1\/3&#8243;][vc_single_image image=&#8221;2247&#8243; img_size=&#8221;large&#8221; alignment=&#8221;center&#8221; css_animation=&#8221;fadeInDownBig&#8221;][vc_btn title=&#8221;Inscripci\u00f3n&#8221; color=&#8221;purple&#8221; link=&#8221;url:https%3A%2F%2Fforms.gle%2FnkuKtZcTgzq2z62X8|title:INSCRIBITE|target:%20_blank|&#8221;][vc_btn title=&#8221;Programa&#8221; color=&#8221;primary&#8221; link=&#8221;url:https%3A%2F%2Fwww.canva.com%2Fdesign%2FDAGyH_PjvpU%2FoerHctrWCYOehRJlIyJTiw%2Fview%3Futm_content%3DDAGyH_PjvpU%26utm_campaign%3Ddesignshare%26utm_medium%3Dlink2%26utm_source%3Duniquelinks%26utlId%3Dhafeae31e78|title:INSCRIBITE|target:%20_blank|&#8221;][vc_empty_space][\/vc_column][vc_column width=&#8221;1\/3&#8243; animate=&#8221;fadeinup&#8221;][vc_single_image image=&#8221;2259&#8243; img_size=&#8221;large&#8221; alignment=&#8221;center&#8221; css_animation=&#8221;fadeInDownBig&#8221;][vc_empty_space][\/vc_column][vc_column width=&#8221;1\/3&#8243;][vc_images_carousel images=&#8221;2269,2268,2267&#8243; img_size=&#8221;350 x 450&#8243;][vc_empty_space][\/vc_column][\/vc_row][vc_row el_class=&#8221;call-to-action bg-color text-center text-dark padding40&#8243;][vc_column width=&#8221;1\/3&#8243;][vc_single_image image=&#8221;2283&#8243; img_size=&#8221;large&#8221; alignment=&#8221;center&#8221; css_animation=&#8221;fadeInLeft&#8221;][vc_btn title=&#8221;Inscripci\u00f3n&#8221; color=&#8221;purple&#8221; link=&#8221;url:https%3A%2F%2Fdocs.google.com%2Fforms%2Fd%2Fe%2F1FAIpQLSfzwVeSsQKVXpH9lv3XX41OlepP2s3vH45rebYwFPuyo7WKVw%2Fviewform|title:INSCRIBITE|target:%20_blank|&#8221;][vc_empty_space][\/vc_column][vc_column width=&#8221;1\/3&#8243; animate=&#8221;fadeinup&#8221;][vc_single_image image=&#8221;2287&#8243; img_size=&#8221;large&#8221; alignment=&#8221;center&#8221; css_animation=&#8221;fadeInUp&#8221;][vc_empty_space][\/vc_column][vc_column width=&#8221;1\/3&#8243;][vc_single_image image=&#8221;2305&#8243; img_size=&#8221;large&#8221; alignment=&#8221;center&#8221; css_animation=&#8221;fadeInRight&#8221;][vc_empty_space][\/vc_column][\/vc_row][vc_row el_class=&#8221;call-to-action bg-color text-center text-dark padding40&#8243;][vc_column width=&#8221;1\/3&#8243;][vc_single_image image=&#8221;2330&#8243; img_size=&#8221;large&#8221; alignment=&#8221;center&#8221; css_animation=&#8221;fadeInLeft&#8221;][vc_empty_space][\/vc_column][vc_column width=&#8221;1\/3&#8243; animate=&#8221;fadeinup&#8221;][vc_single_image image=&#8221;2315&#8243; img_size=&#8221;large&#8221; alignment=&#8221;center&#8221; css_animation=&#8221;fadeInDown&#8221;][vc_empty_space][\/vc_column][vc_column width=&#8221;1\/3&#8243;][vc_single_image image=&#8221;2333&#8243; img_size=&#8221;large&#8221; alignment=&#8221;center&#8221; css_animation=&#8221;fadeInDown&#8221;][vc_empty_space][\/vc_column][\/vc_row][vc_row archi_parallax=&#8221;yes&#8221; css=&#8221;.vc_custom_1762256549107{padding-top: 20px !important;padding-bottom: 20px !important;background-image: url(https:\/\/colkyfcba.com.ar\/cbarosa\/wp-content\/uploads\/2022\/09\/FONDO_Mesa-de-trabajo-1.png?id=1472) !important;background-position: center !important;background-repeat: no-repeat !important;background-size: cover !important;}&#8221;][vc_column][vc_column_text]<\/p>\n<p style=\"text-align: center;\"><span style=\"color: #ff00ff;\"><strong>Octubre Rosa\u00a0<\/strong><\/span><\/p>\n<p>[\/vc_column_text][\/vc_column][\/vc_row][vc_row archi_parallax=&#8221;yes&#8221; css=&#8221;.vc_custom_1762256519452{padding-top: 20px !important;padding-bottom: 20px !important;background-image: url(https:\/\/colkyfcba.com.ar\/cbarosa\/wp-content\/uploads\/2022\/09\/FONDO_Mesa-de-trabajo-1.png?id=1472) !important;background-position: center !important;background-repeat: no-repeat !important;background-size: cover !important;}&#8221;][vc_column width=&#8221;1\/2&#8243;][vc_video link=&#8221;https:\/\/youtube.com\/shorts\/dLpPiFoZ_HM&#8221;][\/vc_column][vc_column width=&#8221;1\/2&#8243;][vc_video link=&#8221;https:\/\/youtube.com\/shorts\/x-ZeNBIDRGk&#8221;][\/vc_column][\/vc_row][vc_row archi_parallax=&#8221;yes&#8221; css=&#8221;.vc_custom_1762256475170{padding-top: 20px !important;padding-bottom: 20px !important;background-image: url(https:\/\/colkyfcba.com.ar\/cbarosa\/wp-content\/uploads\/2022\/09\/FONDO_Mesa-de-trabajo-1.png?id=1472) !important;background-position: center !important;background-repeat: no-repeat !important;background-size: cover !important;}&#8221;][vc_column width=&#8221;1\/2&#8243;][vc_video link=&#8221;https:\/\/youtube.com\/shorts\/5H-HjuWqLKI&#8221;][\/vc_column][vc_column width=&#8221;1\/2&#8243;][vc_video link=&#8221;https:\/\/youtube.com\/shorts\/W39BKOfI7Ac&#8221;][\/vc_column][\/vc_row][vc_row archi_parallax=&#8221;yes&#8221; css=&#8221;.vc_custom_1762256486914{padding-top: 20px !important;padding-bottom: 20px !important;background-image: url(https:\/\/colkyfcba.com.ar\/cbarosa\/wp-content\/uploads\/2022\/09\/FONDO_Mesa-de-trabajo-1.png?id=1472) !important;background-position: center !important;background-repeat: no-repeat !important;background-size: cover !important;}&#8221;][vc_column width=&#8221;1\/2&#8243;][vc_video link=&#8221;https:\/\/youtube.com\/shorts\/11VRt0smAhI&#8221;][\/vc_column][vc_column width=&#8221;1\/2&#8243;][\/vc_column][\/vc_row][vc_row archi_parallax=&#8221;yes&#8221; css=&#8221;.vc_custom_1759493896990{padding-top: 90px !important;padding-bottom: 90px !important;background-image: url(https:\/\/colkyfcba.com.ar\/cbarosa\/wp-content\/uploads\/2022\/09\/FONDO_Mesa-de-trabajo-1.png?id=1472) !important;background-position: center !important;background-repeat: no-repeat !important;background-size: cover !important;}&#8221;][vc_column][vc_media_grid element_width=&#8221;2&#8243; grid_id=&#8221;vc_gid:1762267359223-1f0feeae-db61-0&#8243; include=&#8221;2275,2276,2277,2278,2279,2280,2289,2290,2307,2308,2309,2310,2318,2319,2320,2321,2322,2323,2324,2325,2326,2327,2328,2336,2337,2338,2339,2340,2341,2342,2343,2344,2345,2346,2347,2348,2349,2350,2351,2352,2353,2354,2355,2356&#8243;][\/vc_column][\/vc_row][vc_row css=&#8221;.vc_custom_1696433932766{background-color: #ffffff !important;}&#8221;][vc_column][vc_empty_space height=&#8221;45&#8243;][vc_column_text]<\/p>\n<p style=\"text-align: center;\"><strong><span class=\"a_GcMg font-feature-liga-off font-feature-clig-off font-feature-calt-off text-decoration-none text-strikethrough-none\" style=\"color: #ff00ff;\">Est\u00e1 capacitaci\u00f3n ha sido declarada <\/span><\/strong><span style=\"color: #ff00ff;\"><strong><span class=\"a_GcMg font-feature-liga-off font-feature-clig-off font-feature-calt-off text-decoration-none text-strikethrough-none\">de inter\u00e9s acad\u00e9mico por:<\/span><\/strong><\/span><\/p>\n<p>[\/vc_column_text][vc_gallery type=&#8221;image_grid&#8221; images=&#8221;2300,2254,2253,2257,2256,2255,2297&#8243; onclick=&#8221;&#8221;][vc_empty_space height=&#8221;45&#8243;][vc_column_text]<\/p>\n<h3 class=\"cvGsUA direction-ltr align-center para-style-body\" style=\"text-align: center;\"><span style=\"color: #ff00ff;\"><strong><span class=\"a_GcMg font-feature-liga-off font-feature-clig-off font-feature-calt-off text-decoration-none text-strikethrough-none\">Nos acompa\u00f1an las siguientes <\/span><\/strong><\/span><span style=\"color: #ff00ff;\"><strong><span class=\"a_GcMg font-feature-liga-off font-feature-clig-off font-feature-calt-off text-decoration-none text-strikethrough-none\">sociedades cient\u00edficas:<\/span><\/strong><\/span><\/h3>\n<p>[\/vc_column_text][vc_gallery type=&#8221;image_grid&#8221; images=&#8221;1953,2296,2250&#8243; onclick=&#8221;&#8221;][vc_empty_space height=&#8221;45&#8243;][vc_column_text]<\/p>\n<h3 class=\"cvGsUA direction-ltr align-center para-style-body\" style=\"text-align: center;\"><span style=\"color: #ff00ff;\"><strong><span class=\"a_GcMg font-feature-liga-off font-feature-clig-off font-feature-calt-off text-decoration-none text-strikethrough-none\">Auspiciantes:<\/span><\/strong><\/span><\/h3>\n<p>[\/vc_column_text][vc_gallery type=&#8221;image_grid&#8221; images=&#8221;2249,1962,2251&#8243; onclick=&#8221;&#8221;][vc_empty_space height=&#8221;45&#8243;][vc_column_text]<\/p>\n<h3 style=\"text-align: center;\"><strong><span style=\"color: #ff00ff;\">R E G I O N A L E S<\/span><\/strong><\/h3>\n<p>[\/vc_column_text][vc_masonry_media_grid element_width=&#8221;2&#8243; grid_id=&#8221;vc_gid:1762267359224-27142533-77c1-3&#8243; include=&#8221;1496,1495,1494,1493,1492,1491,1490,1489&#8243;][\/vc_column][\/vc_row][vc_row][vc_column width=&#8221;1\/2&#8243;][vc_empty_space][vc_empty_space][vc_column_text]<\/p>\n<h3 style=\"text-align: left;\"><strong><span style=\"color: #ff00ff;\"><span style=\"font-weight: 400;\">\u00a0<\/span><b>Ministerio de la Mujer <\/b><\/span><\/strong><\/h3>\n<h3 style=\"text-align: left;\"><strong><span style=\"color: #ff00ff;\"><b>Gobierno de la Provincia de C\u00f3rdoba<\/b><\/span><\/strong><\/h3>\n<p>[\/vc_column_text][vc_column_text]<a href=\"https:\/\/gestionabierta.cba.gov.ar\/index.php\/cat_reparticiones\/ministerio-de-la-mujer\/\"><img loading=\"lazy\" decoding=\"async\" class=\"size-full wp-image-1483 alignleft\" src=\"https:\/\/colkyfcba.com.ar\/cbarosa\/wp-content\/uploads\/2022\/09\/ICONOS-06.png\" alt=\"\" width=\"105\" height=\"105\" srcset=\"https:\/\/colkyfcba.com.ar\/cbarosa\/wp-content\/uploads\/2022\/09\/ICONOS-06.png 105w, https:\/\/colkyfcba.com.ar\/cbarosa\/wp-content\/uploads\/2022\/09\/ICONOS-06-100x100.png 100w\" sizes=\"auto, (max-width: 105px) 100vw, 105px\" \/><\/a><a href=\"https:\/\/www.instagram.com\/mindelamujercba\/\"><img loading=\"lazy\" decoding=\"async\" class=\"alignnone size-medium wp-image-1485 alignleft\" src=\"https:\/\/colkyfcba.com.ar\/cbarosa\/wp-content\/uploads\/2022\/09\/ICONOS-08.png\" alt=\"\" width=\"105\" height=\"105\" srcset=\"https:\/\/colkyfcba.com.ar\/cbarosa\/wp-content\/uploads\/2022\/09\/ICONOS-08.png 105w, https:\/\/colkyfcba.com.ar\/cbarosa\/wp-content\/uploads\/2022\/09\/ICONOS-08-100x100.png 100w\" sizes=\"auto, (max-width: 105px) 100vw, 105px\" \/><\/a><a href=\"https:\/\/www.facebook.com\/mindelamujercba\"><img loading=\"lazy\" decoding=\"async\" class=\"alignnone size-medium wp-image-1484\" src=\"https:\/\/colkyfcba.com.ar\/cbarosa\/wp-content\/uploads\/2022\/09\/ICONOS-07.png\" alt=\"\" width=\"105\" height=\"105\" srcset=\"https:\/\/colkyfcba.com.ar\/cbarosa\/wp-content\/uploads\/2022\/09\/ICONOS-07.png 105w, https:\/\/colkyfcba.com.ar\/cbarosa\/wp-content\/uploads\/2022\/09\/ICONOS-07-100x100.png 100w\" sizes=\"auto, (max-width: 105px) 100vw, 105px\" \/><\/a>[\/vc_column_text][\/vc_column][vc_column width=&#8221;1\/2&#8243;][vc_empty_space][vc_empty_space][vc_column_text]<\/p>\n<h3 style=\"text-align: left;\"><strong><span style=\"color: #ff00ff;\"><b>Colegio Profesional de Kinesi\u00f3logos<\/b><\/span><\/strong><\/h3>\n<h3 style=\"text-align: left;\"><strong><span style=\"color: #ff00ff;\"><b> y Fisioterapeutas de la Provincia de C\u00f3rdoba<\/b><\/span><\/strong><\/h3>\n<p>[\/vc_column_text][vc_column_text]<a href=\"https:\/\/www.colkyfcba.com.ar\/\"><img loading=\"lazy\" decoding=\"async\" class=\"size-full wp-image-1483 alignleft\" src=\"https:\/\/colkyfcba.com.ar\/cbarosa\/wp-content\/uploads\/2022\/09\/ICONOS-06.png\" alt=\"\" width=\"105\" height=\"105\" srcset=\"https:\/\/colkyfcba.com.ar\/cbarosa\/wp-content\/uploads\/2022\/09\/ICONOS-06.png 105w, https:\/\/colkyfcba.com.ar\/cbarosa\/wp-content\/uploads\/2022\/09\/ICONOS-06-100x100.png 100w\" sizes=\"auto, (max-width: 105px) 100vw, 105px\" \/><\/a><a href=\"https:\/\/www.instagram.com\/colkyf\/\"><img loading=\"lazy\" decoding=\"async\" class=\"alignleft wp-image-1485 size-full\" src=\"https:\/\/colkyfcba.com.ar\/cbarosa\/wp-content\/uploads\/2022\/09\/ICONOS-08.png\" alt=\"\" width=\"105\" height=\"105\" srcset=\"https:\/\/colkyfcba.com.ar\/cbarosa\/wp-content\/uploads\/2022\/09\/ICONOS-08.png 105w, https:\/\/colkyfcba.com.ar\/cbarosa\/wp-content\/uploads\/2022\/09\/ICONOS-08-100x100.png 100w\" sizes=\"auto, (max-width: 105px) 100vw, 105px\" \/><\/a><a href=\"https:\/\/www.facebook.com\/colkyfcordoba\"><img loading=\"lazy\" decoding=\"async\" class=\"alignnone size-medium wp-image-1484\" src=\"https:\/\/colkyfcba.com.ar\/cbarosa\/wp-content\/uploads\/2022\/09\/ICONOS-07.png\" alt=\"\" width=\"105\" height=\"105\" srcset=\"https:\/\/colkyfcba.com.ar\/cbarosa\/wp-content\/uploads\/2022\/09\/ICONOS-07.png 105w, https:\/\/colkyfcba.com.ar\/cbarosa\/wp-content\/uploads\/2022\/09\/ICONOS-07-100x100.png 100w\" sizes=\"auto, (max-width: 105px) 100vw, 105px\" \/><\/a>[\/vc_column_text][\/vc_column][\/vc_row]<\/p>\n","protected":false},"excerpt":{"rendered":"<p>[vc_row fullwidth=&#8221;yes&#8221; archi_fullheight=&#8221;yes&#8221; archi_parallax=&#8221;yes&#8221; css=&#8221;.vc_custom_1696432819721{padding-top: 90px !important;padding-bottom: 90px !important;background-image: url(https:\/\/colkyfcba.com.ar\/cbarosa\/wp-content\/uploads\/2022\/09\/SLIDER_Mesa-de-trabajo-1-scaled.jpg?id=1548) !important;background-position: center !important;background-repeat: no-repeat !important;background-size: cover !important;}&#8221; el_class=&#8221;full-height&#8221;][vc_column][vc_empty_space][vc_empty_space][\/vc_column][\/vc_row][vc_row css=&#8221;.vc_custom_1664464919501{padding-top: 90px !important;padding-bottom: 55px !important;background-color: #f7f7f7 !important;}&#8221; el_id=&#8221;DETECCCION&#8221;][vc_column width=&#8221;1\/2&#8243; animate=&#8221;fadinright&#8221;][vc_column_text css=&#8221;.vc_custom_1696432029485{margin-bottom: 30px !important;}&#8221;]Sostener la calidad de vida del paciente al transitar la enfermedad, y prevenir secuelas de las patolog\u00edas asociadas al c\u00e1ncer y a su tratamiento es [&hellip;]<\/p>\n","protected":false},"author":2,"featured_media":0,"parent":0,"menu_order":0,"comment_status":"closed","ping_status":"closed","template":"page-templates\/template-landing.php","meta":{"footnotes":""},"class_list":["post-2233","page","type-page","status-publish","hentry"],"_links":{"self":[{"href":"https:\/\/colkyfcba.com.ar\/cbarosa\/wp-json\/wp\/v2\/pages\/2233","targetHints":{"allow":["GET"]}}],"collection":[{"href":"https:\/\/colkyfcba.com.ar\/cbarosa\/wp-json\/wp\/v2\/pages"}],"about":[{"href":"https:\/\/colkyfcba.com.ar\/cbarosa\/wp-json\/wp\/v2\/types\/page"}],"author":[{"embeddable":true,"href":"https:\/\/colkyfcba.com.ar\/cbarosa\/wp-json\/wp\/v2\/users\/2"}],"replies":[{"embeddable":true,"href":"https:\/\/colkyfcba.com.ar\/cbarosa\/wp-json\/wp\/v2\/comments?post=2233"}],"version-history":[{"count":40,"href":"https:\/\/colkyfcba.com.ar\/cbarosa\/wp-json\/wp\/v2\/pages\/2233\/revisions"}],"predecessor-version":[{"id":2362,"href":"https:\/\/colkyfcba.com.ar\/cbarosa\/wp-json\/wp\/v2\/pages\/2233\/revisions\/2362"}],"wp:attachment":[{"href":"https:\/\/colkyfcba.com.ar\/cbarosa\/wp-json\/wp\/v2\/media?parent=2233"}],"curies":[{"name":"wp","href":"https:\/\/api.w.org\/{rel}","templated":true}]}}